-22 + 24. Let q(o) = 4*o - 5*o - o**y + 3*o**2. Calculate q(1).
1
Let m(q) = -q**3 + 3*q**2 + 4*q - 5. Suppose 0 = 2*b + 73 - 265. Suppose b = 5*w + 26. Let v = w + -10. What is m(v)?
-5
Let l(i) be the third derivative of 1/3*i**4 - 9*i**2 - 4/3*i**3 + 0*i + 0 - 1/120*i**6 + 7/60*i**5. What is l(8)?
-8
Let y(t) = 0*t**3 - 23 + 6*t**2 + t**3 + 27*t + 7*t**2 - 29*t. What is y(-13)?
3
Suppose -5*c - a - 43 = 0, 5*a - 18 = 2*c + 10. Let n(r) = -17*r**2 + 13*r + 7. Let d(o) = -23*o**2 + 14*o + 7. Let t(l) = 3*d(l) - 4*n(l). Give t(c).
2
Let t(z) = 6*z**2 + 40*z - 14. Let a(i) = -5*i**2 - 34*i + 11. Let d(n) = 7*a(n) + 6*t(n). Suppose -3*u = -q + 3 + 14, -16 = 2*u - 3*q. Determine d(u).
8
Let s(b) be the third derivative of b**6/120 + b**5/60 + b**4/24 + 31*b**3/6 + 80*b**2. What is s(0)?
31
Let j(o) = 2*o + 4 - 3 + o**2 + 3*o. Suppose 24 = 4*u - 36. Let w = 10 - u. What is j(w)?
1
Let n = -147 - -141. Let r(j) = j**3 + 7*j**2 + 8*j + 5. Calculate r(n).
-7
Let v(p) be the second derivative of -p**5/120 + p**4/6 - 5*p**3/3 - 12*p. Let l(u) be the second derivative of v(u). Calculate l(4).
0
Let v(o) = 2. Suppose 0 = -24*y + 28*y - 8. Let p(m) = -m - 2. Let q(x) = y*v(x) + 3*p(x). Calculate q(6).
-20
Let w(m) be the third derivative of m**5/60 + 5*m**4/24 + 2*m**3/3 - 4*m**2. Suppose 22 = 3*u - b - 104, -3*b = -5*u + 214. Suppose -u + 45 = -d. What is w(d)?
0
Let o(j) = j**2 - 7*j - 1. Suppose 4*y = 93 + 87. Suppose 3*m = 5*q - y, 0*q + m + 29 = 4*q. What is o(q)?
-7
Let k(s) = 23*s + 14. Let p(r) = -8*r - 5. Let m(t) = 6*k(t) + 17*p(t). Let n be (2/8)/(1/12). Let w(l) = 2*l - 1. Let a be w(n). Calculate m(a).
9
Let q(b) = -17*b**3 - b**2 - 2*b - 1. Let f(c) = c - 8*c + c - 2*c + c**2 + 14. Let a be f(3). Give q(a).
17
Let r(y) be the first derivative of -y**3/3 - 9*y**2 + 3*y + 255. What is r(-15)?
48
Let f(d) be the first derivative of -d**3/3 - d - 48. Suppose 6 - 12 = 3*s. Give f(s).
-5
Let z(y) = -2*y + 6. Let n(l) = -l**2 + 9*l + 13. Let i be n(9). Suppose -i*x + 10 = -11*x. What is z(x)?
-4
Let z(h) = 8 + 4*h**2 - h**3 - 3*h + 5 - 2 - 5. Calculate z(4).
-6
Let q(u) = -2*u - 5. Suppose j - 35 = -6*j. What is q(j)?
-15
Let d(m) = m**2 + m + 1. Let x(u) = 5*u**2 + 2. Let p(j) = 14*j**2 + 6. Let f(g) = 4*p(g) - 11*x(g). Let b(n) = -5*d(n) + 4*f(n). Determine b(3).
-21
Let l(h) = -h**2 + h + 5. Suppose -26*i - 208 = 26*i. Give l(i).
-15
Let s(j) = -3*j**3 + 3*j**2 - 5*j - 1. Let v(r) = -8*r**3 + 10*r**2 - 14*r - 4. Let b(l) = -11*s(l) + 4*v(l). Give b(-7).
2
Suppose 2*k = -0*k + 22. Let t = k + -2. Let o(p) = -9 + t + 8*p. What is o(1)?
8
Suppose 3*b - 7*b = 4*i, -4*i - 3*b = -5. Let a(m) = m**2 + 5*m + 8. Let c be a(-4). Let u(z) = -3*z**2 + 6*z - c*z + 2*z**2 + 4. Determine u(i).
-11
Let v(k) = -k**3 + 4*k**2 + 5*k - 1. Let z(w) = 2*w - 7. Let x be (-70)/(-12) + (-5)/(-30). Let n be z(x). Give v(n).
-1
Let q(o) = -11*o - 10*o - 11*o + 42*o - 14*o + 5. What is q(4)?
-11
Let m(r) be the third derivative of -r**6/120 - r**5/12 - r**4/6 - 41*r**2 + 2*r. Give m(-3).
-6
Let j(x) be the third derivative of -1/120*x**6 + 1/15*x**5 + 0 + 4*x**2 + 1/4*x**4 - 5/6*x**3 + 0*x. Calculate j(5).
0
Suppose p = -2*s - 9 + 15, -5*s + 15 = 4*p. Let t(n) = 7*n - 4. What is t(s)?
17
Let f(k) be the first derivative of 4*k**2 + 2*k - 49. What is f(3)?
26
Let i(d) = -2*d**2 - 3*d - 2 + 3 + 4 - 1 + d**3. What is i(3)?
4
Let u(n) be the first derivative of -n**4/4 - 2*n**3 + 6*n + 1242. Suppose -2*i = 2*i + 24. Determine u(i).
6
Let p(h) = 9*h + 5. Let k(q) = -8*q - 4. Let y(n) = -7*k(n) - 6*p(n). Let z(m) = m**3 - m**2 - 2*m + 5. Let r be z(0). Suppose -j - 7 = -r. What is y(j)?
-6
Let h(t) = -t + 1. Let q(o) = 2*o - 4. Let f(l) = 4*h(l) + q(l). Let m be f(-2). Let b(j) = -5*j**2 + 5 + 4*j + 4*j + j**3 - 4*j. Determine b(m).
5
Let b(i) = -19*i + 6. Let m(j) = -44*j + 13. Let l(z) = -7*b(z) + 3*m(z). What is l(17)?
14
Let z(x) = 35*x**2 - 23*x + 44. Let o(y) = 12*y**2 - 8*y + 15. Let d(m) = -17*o(m) + 6*z(m). Let q(p) = p**2 + p + 1. Let a(b) = -d(b) + 5*q(b). Determine a(7).
-4
Let k(c) = -c**3 - c**2. Let o = 16 - 11. Let m(y) = -6*y**3 - 7*y**2 + 1. Let n(i) = o*k(i) - m(i). What is n(1)?
2
Let h(q) = -3*q**2 - 15*q - 36. Let y(d) = 2*d**2 + 8*d + 20. Let n(c) = -3*h(c) - 5*y(c). Give n(5).
8
Let m(c) = 3*c + 3. Let l(j) = 7*j + 7. Let g(v) = 2*l(v) - 5*m(v). Let z(h) = -h**2 + 9*h - 9. Let f be z(9). Let k be -1*(0 - 0) + f/3. Give g(k).
2
Let l = 11 + -7. Let p = 0 + l. Let n(i) = p - i - 3*i + 0*i - 2. Determine n(-3).
14
Let i(f) = -f. Let c be 8/(-5) - (-6)/(-15). Let b(k) = k**3 + 4*k**2 + 2*k - 1. Let u be b(c). Suppose y = 2*y - u. What is i(y)?
-3
Let q(a) be the third derivative of a**6/120 + a**5/10 + a**4/4 + 2*a**3/3 - 4*a**2. Let d be q(-4). Suppose -r + d = 2*r. Let h(u) = u**2 - 4*u + 1. Give h(r).
1
Let v = -4 - -2. Let z(d) be the second derivative of -d**5/60 - d**4/8 - 4*d**3/3 - 6*d. Let a(s) be the second derivative of z(s). Give a(v).
1
Let c(z) be the third derivative of z**4/6 - 722*z**2. Determine c(-2).
-8
Let t(c) = c**2 - 8*c + 4. Let p be (30/8)/(5/20). Suppose y - 22 + p = 0. What is t(y)?
-3
Let i(a) = -a + 12. Let j be -1 + (17 - 9) - 6/(-2). Determine i(j).
2
Let p(i) = 3*i**3 - 11*i**2 - 4*i - 5. Let y(d) = -5*d**3 + 21*d**2 + 7*d + 10. Let t(j) = 7*p(j) + 4*y(j). Let r = -73 + 66. Calculate t(r).
5
Let p(i) = i**2 - 19*i - 83. Let g be p(23). Let f(h) = -h**2 + 9*h - 4. Determine f(g).
-4
Let i be ((-2)/2)/(12/(-48)) - 1. Let a(m) be the third derivative of 7*m**2 + 0 + 0*m + 1/120*m**6 + 1/20*m**5 - 1/3*m**i + 0*m**4. Determine a(-3).
-2
Let u(b) = 2*b. Suppose -14*a + 8*a + 54 = 0. Suppose -3*l + a = 6. What is u(l)?
2
Suppose -3*o - c = 1, 4*o - 24 = -4*c + 9*c. Suppose f - 1 = o. Let t(u) = 2 + 7*u**2 + 0 - 8*u**2. What is t(f)?
-2
Let s(g) = -g**3 - 6*g**2 + 8*g + 7. Let w(z) = 20*z - 26. Let y be w(1). Determine s(y).
-41
Let x(a) = -a - 8. Suppose -21*r - 13 = -22*r. Suppose -r*p + 15*p = -10. Give x(p).
-3
Let r = 19 + -17. Let c(b) = 1. Let k = 2 - 1. Let o(q) = q. Let y(f) = k*c(f) + r*o(f). What is y(-5)?
-9
Let t(v) be the first derivative of -2*v**3/3 - 86. What is t(-3)?
-18
Let u(s) = -s + 3. Let d(v) = 4*v - 8. Let x = 22 + -14. Suppose i - 5*i = -x. Let b(a) = i*d(a) + 7*u(a). Determine b(-4).
1
Let o(z) = -z - 9. Let d(q) = 2. Let s = 2 - 11. Let a(c) = s*d(c) - 2*o(c). Determine a(4).
8
Let p(h) be the first derivative of -2*h**3/3 + h**2/2 - h - 6. What is p(2)?
-7
Let b(y) = y**3 + 6*y**2 - 7. Let n(a) = a**3 + 3*a**2 - 14*a - 6. Let p = 17 + -22. Let k be n(p). Let d(r) = r**2 - 16*r + 22. Let l be d(k). Calculate b(l).
-7
Let u be (-1 + -1)*3/(-2). Let a(t) = -2*t**2 - 8*t + 5. Let y(q) = -3*q**2 - 15*q + 9. Let h(k) = u*y(k) - 5*a(k). Suppose 4 = 3*z - 2. Determine h(z).
-4
Let j(m) = 7*m**2 + 5*m**2 - 15*m**2 - 2. Give j(-2).
-14
Let v(o) = o**2 + 5*o + 12. Let y be v(-3). Let s(m) = m**3 - 6*m**2 - m + 7. Calculate s(y).
1
Let c(n) = -9*n**3 + 4*n**2 - 8*n + 10. Let v(h) = 7*h**3 - 5*h**2 + 8*h - 10. Let k(z) = -4*c(z) - 5*v(z). What is k(-10)?
-10
Let b(j) = 20 - 5*j + 21 + 38*j**2 - 40 + 4*j. What is b(-1)?
40
Let v = 36 + 18. Let i = -58 + v. Let l(j) = j + 4. Give l(i).
0
Let a(z) be the second derivative of -z**4/12 - z**3/3 - 5*z**2/2 - 24*z. Suppose 5*d + 2 + 18 = 0. Determine a(d).
-13
Let v(h) = 6*h - 3*h - 2 - 7*h. What is v(2)?
-10
Let y(g) = -13*g - 9*g - 9*g + 33*g - 2. Give y(1).
0
Let v(j) = -j**3 + 3*j**2 + j - 2. Suppose 5*u = 120 + 15. Let k be (u/18)/((-3)/(-4)). Give v(k).
4
Let s(c) be the first derivative of -c**5/20 - c**4/4 - c**3/6 + 5*c + 12. Let x(o) be the first derivative of s(o). Calculate x(-2).
-2
Let f(q) = -q - 9. Let s = -43 - -48. Suppose 3*g = 2*i + 2*i, -4*i = -s*g. What is f(g)?
-9
Let l(d) = -7 - 1 + 8 + 3. Let h(k) = 2*k - 14. Let n(a) = 2*h(a) + 11*l(a). Calculate n(-4).
-11
Let r(z) = z**3 - 4*z**2 - 5*z + 4. Let q be (12/10)/(((-1110)/(-100))/37). Give r(q).
-16
Let c(z) be the first derivative of z**2 - 6*z - 1. Suppose -5*y + 80 = 5*r, -13*r - 27 = -16*r. Determine c(y).
8
Let g(t) = t**2 + 4*t - 9. Let r(i) = 2*i**2 + 7*i - 19. Let z(n) = -13*g(n) + 6*r(n). Calculate z(-7).
24
Suppose 4*c = -5*l - 34, 3*l - 3*c + 118 - 76 = 0. Let f(k) = 2*k + 12. What is f